-3*a + 4*p - 29 = -151. What are the prime factors of a?
2, 23
Suppose -85 = -i + 9. Suppose 4*h - 2*h = 10, -4*n + 2*h = -i. List the prime factors of n.
2, 13
Suppose 0 = 3*k - 3 - 6, -g + 85 = 2*k. Let q = g - 55. Suppose q = -0*z + 4*z. What are the prime factors of z?
2, 3
Let r = 432 - 239. List the prime factors of r.
193
Suppose 0 = 9*a - 3065 + 1121. What are the prime factors of a?
2, 3
List the prime factors of -7*(57/(-12))/(2/8).
7, 19
Suppose 5*w - 69 = -3*d, 3*d = -6*w + 5*w + 81. List the prime factors of d.
2, 7
Suppose 4*p + 8 - 28 = 0. Suppose 51 = p*x - 109. What are the prime factors of x?
2
Let o(t) = 2*t**3 + 0*t**3 - t**3 + 8. List the prime factors of o(0).
2
Let t(g) = 98*g - 3. What are the prime factors of t(2)?
193
Suppose 6*m = 8*m - 58. What are the prime factors of m?
29
Suppose 3*n - 46 = h + 8, -2*h = 3*n - 45. What are the prime factors of n?
17
Let l = 1 + 3. Suppose 0 = 7*m - 4*m + l*o - 35, 0 = 2*m - 5*o - 31. Suppose v = -0*v + m. List the prime factors of v.
13
Suppose 5*d - 155 = -0*d. List the prime factors of d.
31
Suppose -4*k + 103 = -3*f, -k = 3*k + 3*f - 121. What are the prime factors of k?
2, 7
Let z = -6 - -10. Let m(i) = i**2 - 2*i - 3. Let b be m(z). Suppose 28 + 17 = b*p. List the prime factors of p.
3
Suppose -11*y = -10*y - 12. What are the prime factors of y?
2, 3
Let p = -1 + 7. What are the prime factors of ((-312)/(-32))/(p/32)?
2, 13
Suppose 0 = 3*v - r - 6, 5*v - 6 = 3*r - 0*r. Suppose 0*u + v*u = 15. What are the prime factors of u?
5
List the prime factors of (-2 + -2)/(-4)*29.
29
Suppose -5*z - s + 179 = 0, 0*s - 5*s = -5*z + 155. List the prime factors of z.
5, 7
Let k(q) = -q**2 + 7*q + 1. Suppose 8 = i + 2. Let f be k(i). Suppose -1 + f = r. List the prime factors of r.
2, 3
Suppose -44 = -r - 5. List the prime factors of r.
3, 13
What are the prime factors of 7 - 2 - (-103 + 3)?
3, 5, 7
Let g(i) = 2*i - 1. Let v be g(1). Suppose 3*r = -5*h - 11, -3*h - 8 = 3*r - h. List the prime factors of 0 + 9 - r*v.
11
Suppose 0 = 2*k - 11 - 11. Suppose 2*x + 2 = 2*m, 7 = -2*m + 4*x + 3. Suppose -m*z + k = -5. What are the prime factors of z?
2
Suppose l + 4*l + 3*i = 8, -3 = l - 4*i. Suppose v - 11 = -l. List the prime factors of v.
2, 5
List the prime factors of 2/(-5) - 1032/(-30).
2, 17
Suppose v = 3*h + 41, -3*h + 77 = -5*v + 246. What are the prime factors of v?
2
Let z = -3 + 5. Let s = 5 - z. What are the prime factors of (-6)/(-1*s) - -1?
3
Let q(j) = j - 2. Let t be q(5). Let p be (-190)/(-8) - 2/(-8). Suppose z - p = -t*z. List the prime factors of z.
2, 3
Let h = -20 + 40. List the prime factors of h.
2, 5
Suppose -f + 8 = 3*f. Suppose -5*i + 2*n + 14 = 4*n, -4*n - 4 = f*i. List the prime factors of i.
2
Suppose -3*f = 9, -5*y - 2*f - 3*f + 60 = 0. Let j = y + -5. What are the prime factors of j?
2, 5
Let n(g) = -2*g**2 + 5*g + 3. Let j be n(4). Let y = j + 18. List the prime factors of y.
3
Let j(w) = -w**3 + 3*w**2 + 3*w - 1. Let a be j(4). Let t = a + 18. List the prime factors of t.
13
Let g(m) = -m**3 - 7*m**2 - 8*m - 8. Let d be g(-6). Suppose -12 = -s - s - d*z, -4*s = z - 3. Suppose 3*y - 2 - 28 = s. List the prime factors of y.
2, 5
Suppose 26 = 3*v - 16. Let p(o) = -16*o + v*o + 4 - 6. List the prime factors of p(-5).
2
Let f(w) = -w**3 - 4*w**2 + 8*w. What are the prime factors of f(-6)?
2, 3
Suppose -4*k + 2*z = -14, 2*k = 4*k + 4*z - 22. List the prime factors of ((-27)/(-15))/(1/k).
3
Suppose 0 = -5*s - s + 396. List the prime factors of s.
2, 3, 11
Suppose 2*z + 0 - 5 = -5*l, 2*z + 25 = 5*l. Let k(u) = u + 5*u - u**l + 0*u**3 + 4*u**2. What are the prime factors of k(5)?
5
Suppose 5*h + 4*s = -35, -13 = -3*h + 4*h + 2*s. Let p be -2*((-9)/2 - h). Suppose 19 = 4*w + p. What are the prime factors of w?
2
Suppose t - 2 - 265 = 5*m, 4*t = -4*m + 1020. What are the prime factors of t?
257
Let f = 3 + -1. Let i(t) = 0*t**2 + t**2 + 1 + 10*t**f + 2*t**2. List the prime factors of i(1).
2, 7
Suppose 72 + 304 = 4*l. List the prime factors of l.
2, 47
List the prime factors of (282/(-9))/((-3)/9).
2, 47
Suppose 2*c + 3 = -f, 2*c - 3*f = -3*c + 9. Suppose -5*u + 5*a - 2*a = -75, c = -5*u - 4*a + 40. List the prime factors of u.
2, 3
Let l be 33/27 - (-6)/(-27). Let b = l - -3. List the prime factors of b.
2
Suppose 3*y = -2*w + 39, 3*y + 0*y + 15 = 0. Let q be 71/4 + (-2)/(-8). Let z = w - q. What are the prime factors of z?
3
Suppose 4*r = 159 - 27. List the prime factors of r.
3, 11
Let h = 288 + -131. What are the prime factors of h?
157
Let v be (1 + (2 - 0))*1. Suppose y = -v*y. Suppose c + y*c = 9. What are the prime factors of c?
3
What are the prime factors of (4/3)/((-6)/(-117))?
2, 13
Let n(d) = -d - 3. Let c be n(-5). Let a(q) = 1 + 6*q - q**c - 3 - 4. List the prime factors of a(4).
2
Suppose 0*k = 3*k + 54. Suppose -x + 52 = x. Let z = x + k. List the prime factors of z.
2
Let k(g) = g**2 + 6*g + 8. List the prime factors of k(6).
2, 5
Let b = -66 - -85. What are the prime factors of b?
19
Let m = -8 - -1. Let f(q) = q**2 + 6*q - 3. Let j be f(m). What are the prime factors of 2/4 - (-38)/j?
2, 5
Let x be (-21)/5 - 1/(-5). Let p = -2 - x. List the prime factors of p.
2
Suppose 0*w = w + 2. Let r be w - (3 + (1 - 6)). Let l = 7 + r. What are the prime factors of l?
7
Let n(c) = -c**3 - 6*c**2 + c - 8. Let v be n(-6). List the prime factors of (-4)/v + 828/42.
2, 5
List the prime factors of -8*2*3/(-2).
2, 3
Let n(s) = s**3 - 7*s**2 + 2*s - 22. List the prime factors of n(9).
2, 79
Let u be (-3 - (1 + 40))/(-2). Let t = u - 5. What are the prime factors of t?
17
Let k(u) = -66*u - 10. List the prime factors of k(-1).
2, 7
Let n(h) be the second derivative of -h**3/6 + 5*h**2/2 + 2*h. List the prime factors of n(0).
5
Suppose 2*k + 112 = -4*l + 606, 4*l = -5*k + 1229. List the prime factors of k.
5, 7
Let p(s) = -s**3 - s**2 - s + 10. List the prime factors of p(0).
2, 5
Let m(y) be the second derivative of y**6/360 + y**5/24 - y**4/6 - y**3/6 + 4*y. Let q(j) be the second derivative of m(j). What are the prime factors of q(-7)?
2, 5
Suppose 4*l + 0*l - 4*j = 168, 3*j = -5*l + 194. Suppose -5*g = -k + 5 - 19, 0 = -4*g - k + 4. Suppose -3*z + l = g*z. List the prime factors of z.
2
Suppose 0 = o + o - 10. List the prime factors of o.
5
Let i = 47 - -36. List the prime factors of i.
83
Suppose 3*r = 7*r - 96. List the prime factors of r.
2, 3
Let m(v) be the third derivative of v**6/120 + v**5/12 + v**4/8 + v**3/6 + 2*v**2. What are the prime factors of m(-3)?
2, 5
Let x(v) = 5*v - 20. List the prime factors of x(12).
2, 5
Let y(o) = 9*o**3 - 15*o**2 - 14*o + 5. Let s(h) = 5*h**3 - 8*h**2 - 7*h + 2. Let z(g) = 7*s(g) - 4*y(g). What are the prime factors of z(5)?
2
Let v(a) = 2*a**2 - 5*a - 5. List the prime factors of v(-3).
2, 7
Suppose -10*i = -7*i - 351. What are the prime factors of i?
3, 13
Suppose 4*l = -l - 65. Let r = 22 + l. List the prime factors of r.
3
Suppose -2*s - 3*r = 2 - 13, -2*s - 5*r + 17 = 0. List the prime factors of 22*(-2)/(-4)*s.
11
Let y(a) = 3*a**2 - 4*a. Let g be y(-3). Suppose 0 = -3*u + 6*u + 15, 5*u = -n. Suppose 3*k = 4*z + g - 10, 5*z = -5*k + n. List the prime factors of k.
7
Let h(u) = u**3 + 4*u**2 - 6*u - 1. Let w(a) = a**2 + 8*a - 5. Let f be w(-9). Suppose -3*l - f = 11. What are the prime factors of h(l)?
2
Let u be (-303 - 0)*(-4)/12. List the prime factors of u/11 - 10/55.
3
Let v = -28 + 20. Let j = -3 - v. Let m = 8 - j. What are the prime factors of m?
3
Let a(u) = 2*u + 1. Let d be a(-1). Let x be d*6/3 - -1. What are the prime factors of (x - -3)*(1 - -3)?
2
Let u(q) = q**2 - 6 + 12 - 2*q + q. List the prime factors of u(5).
2, 13
Let t = 2 + -5. Let j = -1 - t. List the prime factors of ((-33)/12)/(j/(-8)).
11
Suppose -5*h + 0*r + r = -6, -3*r + 2 = 5*h. Let m be h/2*(-3 + -13). List the prime factors of (-58)/m - 2/8.
7
Suppose -115 = -t - f, -460 = -4*t - 3*f + 2*f. What are the prime factors of t?
5, 23
Let a(g) = g**2 + 1. Let q(l) = 7*l**2 + 5. Let j(s) = -6*a(s) + q(s). Suppose 0 = 5*m + 2*v - 6, -v = 2*m + 4*v + 6. What are the prime factors of j(m)?
3
Suppose 4*x = d + 4*d - 277, 0 = -2*x - 6. List the prime factors of d.
53
List the prime factors of (1143/12 - -3) + 4/(-16).
2, 7
Let q(f) = -f + 14. Let j